{"id":175,"date":"2022-05-17T03:59:14","date_gmt":"2022-05-17T03:59:14","guid":{"rendered":"https:\/\/fundemas.org\/modoverde_oriente\/?page_id=175"},"modified":"2025-06-05T17:39:59","modified_gmt":"2025-06-05T17:39:59","slug":"modo-verde-oriente","status":"publish","type":"page","link":"https:\/\/fundemas.org\/elsalvadorsincolillas\/modo-verde-oriente\/","title":{"rendered":"Modo Verde Oriente"},"content":{"rendered":"<body><p>[et_pb_section fb_built=\u201d1\u2033 fullwidth=\u201don\u201d _builder_version=\u201d4.17.4\u2033 _module_preset=\u201ddefault\u201d global_colors_info=\u201d{}\u201d][et_pb_fullwidth_slider _builder_version=\u201d4.27.4\u2033 _module_preset=\u201ddefault\u201d header_font=\u201d|600|||||||\u201d header_text_color=\u201d#FFFFFF\u201d hover_enabled=\u201d0\u2033 header_text_shadow_style=\u201dpreset1\u2033 global_colors_info=\u201d{}\u201d sticky_enabled=\u201d0\u2033][et_pb_slide heading=\u201d@ET-DC@eyJkeW5hbWljIjp0cnVlLCJjb250ZW50IjoicG9zdF9saW5rIiwic2V0dGluZ3MiOnsiYmVmb3JlIjoiIiwiYWZ0ZXIiOiIiLCJ0ZXh0IjoicG9zdF90aXRsZSIsImN1c3RvbV90ZXh0IjoiIn19@\u201d _builder_version=\u201d4.27.4\u2033 _dynamic_attributes=\u201dheading\u201d _module_preset=\u201ddefault\u201d background_enable_color=\u201doff\u201d background_image=\u201dhttps:\/\/fundemas.org\/elsalvadorsincolillas\/wp-content\/uploads\/2022\/05\/portada-intro.png\u201d background_enable_image=\u201don\u201d hover_enabled=\u201d0\u2033 global_colors_info=\u201d{}\u201d sticky_transition=\u201don\u201d title_text=\u201dportada-intro\u201d sticky_enabled=\u201d0\u2033][\/et_pb_slide][\/et_pb_fullwidth_slider][\/et_pb_section][et_pb_section fb_built=\u201d1\u2033 _builder_version=\u201d4.17.4\u2033 _module_preset=\u201ddefault\u201d background_color=\u201d#f2f2f2\u2033 global_colors_info=\u201d{}\u201d][et_pb_row _builder_version=\u201d4.17.4\u2033 _module_preset=\u201ddefault\u201d global_colors_info=\u201d{}\u201d][et_pb_column type=\u201d4_4\u2033 _builder_version=\u201d4.17.4\u2033 _module_preset=\u201ddefault\u201d global_colors_info=\u201d{}\u201d][et_pb_text _builder_version=\u201d4.17.4\u2033 _module_preset=\u201ddefault\u201d animation_style=\u201dfade\u201d locked=\u201doff\u201d global_colors_info=\u201d{}\u201d]<\/p>\n<p>Modo verde oriente es una iniciativa\u00a0 que re\u00fane a FUNDEMAS, Philip Morris El Salvador, LERO Studio y La Universidad de Oriente UNIVO en apoyo al movimiento \u201cSin Colillas\u201d y que busca generar un medio ambiente m\u00e1s saludable y sostenible para los pobladores del oriente del pa\u00eds.<\/p>\n<p>A trav\u00e9s de este movimiento se busca desarrollar e impulsar componentes de investigaci\u00f3n y dise\u00f1ar acciones concretas por el medio ambiente con enfoques sostenibles, generando impactos y resultados al corto, mediano y largo plazo por un oriente verde.<\/p>\n<p>Dentro de las acciones principales de esta alianza se destacan:<\/p>\n<p>Mantener intercambios de experiencias entre las partes interesadas sobre la RSE y sostenibilidad para el fortalecimiento de las instituciones.<\/p>\n<p>Promover la RSE y sostenibilidad como modelo de gesti\u00f3n para lograr competitividad y el desarrollo sostenible, as\u00ed como los objetivos acad\u00e9micos.<\/p>\n<p>Fortalecer conocimientos e intercambios entre proveedores y p\u00fablico seleccionado para que implementen pr\u00e1cticas de RSE.<\/p>\n<p>Fortalecer la cultura de RSE y sostenibilidad entre las partes involucradas y otros grupos de inter\u00e9s a trav\u00e9s foros, talleres y capacitaciones en diversos temas enmarcados en los ejes de trabajo que se definan.<\/p>\n<p>[\/et_pb_text][\/et_pb_column][\/et_pb_row][et_pb_row column_structure=\u201d1_2,1_2\u2033 _builder_version=\u201d4.17.4\u2033 _module_preset=\u201ddefault\u201d width=\u201d70%\u201d global_colors_info=\u201d{}\u201d][et_pb_column type=\u201d1_2\u2033 _builder_version=\u201d4.17.4\u2033 _module_preset=\u201ddefault\u201d global_colors_info=\u201d{}\u201d][et_pb_image src=\u201dhttps:\/\/fundemas.org\/modoverde_oriente\/wp-content\/uploads\/2022\/05\/img3.png\u201d title_text=\u201dimg3\u2033 _builder_version=\u201d4.17.4\u2033 _module_preset=\u201ddefault\u201d global_colors_info=\u201d{}\u201d][\/et_pb_image][\/et_pb_column][et_pb_column type=\u201d1_2\u2033 _builder_version=\u201d4.17.4\u2033 _module_preset=\u201ddefault\u201d global_colors_info=\u201d{}\u201d][et_pb_image src=\u201dhttps:\/\/fundemas.org\/modoverde_oriente\/wp-content\/uploads\/2022\/05\/img4.png\u201d title_text=\u201dimg4\u2033 _builder_version=\u201d4.17.4\u2033 _module_preset=\u201ddefault\u201d global_colors_info=\u201d{}\u201d][\/et_pb_image][\/et_pb_column][\/et_pb_row][et_pb_row _builder_version=\u201d4.17.4\u2033 _module_preset=\u201ddefault\u201d global_colors_info=\u201d{}\u201d][et_pb_column type=\u201d4_4\u2033 _builder_version=\u201d4.17.4\u2033 _module_preset=\u201ddefault\u201d global_colors_info=\u201d{}\u201d][et_pb_button button_url=\u201d@ET-DC@eyJkeW5hbWljIjp0cnVlLCJjb250ZW50IjoicG9zdF9saW5rX3VybF9wYWdlIiwic2V0dGluZ3MiOnsicG9zdF9pZCI6IjI4In19@\u201d button_text=\u201dRegresar a Inicio\u201d button_alignment=\u201dright\u201d _builder_version=\u201d4.17.4\u2033 _dynamic_attributes=\u201dbutton_url\u201d _module_preset=\u201ddefault\u201d custom_button=\u201don\u201d button_icon=\u201dJ||divi||400\u2033 button_icon_placement=\u201dleft\u201d global_colors_info=\u201d{}\u201d][\/et_pb_button][\/et_pb_column][\/et_pb_row][\/et_pb_section]<\/p>\n<\/body>","protected":false},"excerpt":{"rendered":"<p>Modo verde oriente es una iniciativa\u00a0 que re\u00fane a FUNDEMAS, Philip Morris El Salvador, LERO Studio y La Universidad de Oriente UNIVO en apoyo al movimiento \u201cSin Colillas\u201d y que busca generar un medio ambiente m\u00e1s saludable y sostenible para los pobladores del oriente del pa\u00eds. A trav\u00e9s de este movimiento se busca desarrollar e [&hellip;]<\/p>\n","protected":false},"author":2,"featured_media":0,"parent":0,"menu_order":0,"comment_status":"closed","ping_status":"closed","template":"","meta":{"_et_pb_use_builder":"on","_et_pb_old_content":"","_et_gb_content_width":"","om_disable_all_campaigns":false,"footnotes":""},"class_list":["post-175","page","type-page","status-publish","hentry"],"jetpack_sharing_enabled":true,"_links":{"self":[{"href":"https:\/\/fundemas.org\/elsalvadorsincolillas\/wp-json\/wp\/v2\/pages\/175","targetHints":{"allow":["GET"]}}],"collection":[{"href":"https:\/\/fundemas.org\/elsalvadorsincolillas\/wp-json\/wp\/v2\/pages"}],"about":[{"href":"https:\/\/fundemas.org\/elsalvadorsincolillas\/wp-json\/wp\/v2\/types\/page"}],"author":[{"embeddable":true,"href":"https:\/\/fundemas.org\/elsalvadorsincolillas\/wp-json\/wp\/v2\/users\/2"}],"replies":[{"embeddable":true,"href":"https:\/\/fundemas.org\/elsalvadorsincolillas\/wp-json\/wp\/v2\/comments?post=175"}],"version-history":[{"count":5,"href":"https:\/\/fundemas.org\/elsalvadorsincolillas\/wp-json\/wp\/v2\/pages\/175\/revisions"}],"predecessor-version":[{"id":478,"href":"https:\/\/fundemas.org\/elsalvadorsincolillas\/wp-json\/wp\/v2\/pages\/175\/revisions\/478"}],"wp:attachment":[{"href":"https:\/\/fundemas.org\/elsalvadorsincolillas\/wp-json\/wp\/v2\/media?parent=175"}],"curies":[{"name":"wp","href":"https:\/\/api.w.org\/{rel}","templated":true}]}}